le of 94?
False
Does 35 divide 1695232?
False
Is 14815 a multiple of 3?
False
Does 431 divide 4313017?
True
Is 312686 a multiple of 19?
False
Is 89796 a multiple of 12?
True
Is 56133 a multiple of 7?
True
Is 56134 a multiple of 254?
True
Does 198 divide 57816?
True
Is 93976 a multiple of 462?
False
Is 34 a factor of 3279888?
False
Does 344 divide 92880?
True
Does 27 divide 28701?
True
Is 10 a factor of 2291687?
False
Does 3 divide 53994?
True
Does 107 divide 2397763?
True
Is 130 a factor of 96460?
True
Does 24 divide 1806168?
True
Does 93 divide 1714176?
True
Is 197 a factor of 19306?
True
Is 7 a factor of 3063485?
False
Does 82 divide 280200?
False
Is 7470 a multiple of 30?
True
Is 934 a factor of 2448014?
True
Is 622062 a multiple of 18?
True
Is 818292 a multiple of 97?
True
Is 939330 a multiple of 378?
True
Is 7544724 a multiple of 11?
True
Is 647964 a multiple of 18?
True
Is 935925 a multiple of 5?
True
Is 22 a factor of 12518?
True
Is 64 a factor of 3692?
False
Does 2 divide 5111619?
False
Is 2 a factor of 50265?
False
Is 102 a factor of 1100514?
False
Does 188 divide 614644?
False
Is 8881287 a multiple of 20?
False
Does 13 divide 1717612?
True
Does 619 divide 16149857?
False
Is 743 a factor of 5147251?
False
Is 815365 a multiple of 23?
False
Is 111989 a multiple of 16?
False
Is 19 a factor of 2871602?
False
Does 3 divide 536427?
True
Does 61 divide 628875?
False
Does 7 divide 6524?
True
Does 158 divide 3706413?
False
Is 912877 a multiple of 350?
False
Is 790218 a multiple of 6?
True
Is 229 a factor of 155515?
False
Is 5 a factor of 13498?
False
Is 6428444 a multiple of 10?
False
Is 41 a factor of 78228?
True
Is 4 a factor of 1642737?
False
Is 10 a factor of 50432?
False
Is 84120 a multiple of 10?
True
Is 1083060 a multiple of 220?
True
Is 236379 a multiple of 143?
True
Is 27752495 a multiple of 2174?
False
Does 12 divide 2947402?
False
Does 214 divide 134392?
True
Is 40 a factor of 16474?
False
Is 70 a factor of 71400?
True
Is 150 a factor of 1203600?
True
Is 34 a factor of 770338?
True
Does 12 divide 64212?
True
Does 10 divide 2148422?
False
Does 4 divide 290968?
True
Does 18 divide 10023246?
True
Is 45 a factor of 93330?
True
Is 3 a factor of 77190?
True
Is 3 a factor of 219686?
False
Does 20 divide 1793337?
False
Does 80 divide 79760?
True
Does 25 divide 504199?
False
Does 3 divide 665217?
True
Does 304 divide 496128?
True
Is 897484 a multiple of 7?
True
Is 10 a factor of 20770?
True
Does 6 divide 435709?
False
Is 138 a factor of 7439166?
True
Is 49476 a multiple of 62?
True
Is 221442 a multiple of 26?
True
Is 522320 a multiple of 16?
True
Does 614 divide 561196?
True
Is 23 a factor of 150305?
True
Does 13 divide 746187?
True
Is 274560 a multiple of 24?
True
Does 6 divide 464262?
True
Does 196 divide 198156?
True
Does 882 divide 12203478?
False
Is 378 a factor of 1412964?
True
Is 2171217 a multiple of 94?
False
Does 34 divide 591092?
False
Does 6 divide 58037?
False
Is 2603881 a multiple of 24?
False
Is 637 a factor of 1858452?
False
Does 296 divide 81994?
False
Is 3 a factor of 179328?
True
Is 177871 a multiple of 937?
False
Is 10 a factor of 1611610?
True
Is 2203175 a multiple of 116?
False
Does 51 divide 151210?
False
Is 13 a factor of 298818?
True
Does 123 divide 9767184?
True
Does 254 divide 125730?
True
Is 1080897 a multiple of 51?
False
Is 1612416 a multiple of 19?
True
Is 63 a factor of 615907?
False
Does 263 divide 8981713?
True
Does 3 divide 575348?
False
Is 108570 a multiple of 55?
True
Is 1042233 a multiple of 113?
False
Is 5390016 a multiple of 44?
False
Does 45 divide 109153?
False
Is 138 a factor of 522291?
False
Is 33 a factor of 43197?
True
Is 445026 a multiple of 102?
True
Does 346 divide 1401002?
False
Does 15 divide 1953359?
False
Does 17 divide 21039?
False
Does 139 divide 2184?
False
Is 82 a factor of 64647?
False
Is 60 a factor of 12383820?
True
Is 15 a factor of 330640?
False
Is 20 a factor of 412071?
False
Is 4407935 a multiple of 7?
True
Is 987 a factor of 1461747?
True
Is 291 a factor of 3385443?
False
Is 367330 a multiple of 25?
False
Does 1113 divide 17784776?
False
Is 155 a factor of 506818?
False
Does 4 divide 84157?
False
Is 72341 a multiple of 51?
False
Does 412 divide 1815684?
True
Does 742 divide 15654410?
False
Is 395 a factor of 142020?
False
Is 338 a factor of 917914?
False
Is 17498 a multiple of 13?
True
Does 5 divide 60195?
True
Is 1449000 a multiple of 11?
False
Is 28 a factor of 3055528?
True
Is 13 a factor of 20337?
False
Does 171 divide 232531?
False
Does 15 divide 3909404?
False
Does 458 divide 468447?
False
Does 357 divide 87942?
False
Does 7 divide 882880?
False
Is 16 a factor of 42983?
False
Is 21 a factor of 348069?
False
Is 17 a factor of 4516122?
False
Is 138 a factor of 34548?
False
Is 866819 a multiple of 34?
False
Is 220 a factor of 4772162?
False
Is 174048 a multiple of 98?
True
Does 42 divide 20550?
False
Is 41 a factor of 268908?
False
Does 32 divide 205316?
False
Is 68300 a multiple of 10?
True
Does 4 divide 33724?
True
Does 3 divide 967185?
True
Does 31 divide 106175?
True
Is 103316 a multiple of 23?
True
Is 3012789 a multiple of 871?
True
Is 15171626 a multiple of 304?
False
Does 15 divide 1862505?
True
Is 61 a factor of 67051?
False
Is 18 a factor of 33250?
False
Does 5 divide 267419?
False
Does 13 divide 35191?
True
Does 50 divide 2549017?
False
Does 9 divide 16644?
False
Is 21890 a multiple of 32?
False
Is 2231276 a multiple of 917?
False
Is 9601812 a multiple of 167?
False
Does 5 divide 4433300?
True
Is 3523551 a multiple of 11?
False
Is 13649740 a multiple of 47?
True
Does 220 divide 72820?
True
Does 239 divide 194546?
True
Is 22883 a multiple of 13?
False
Does 26 divide 23322?
True
Is 20717 a multiple of 3?
False
Is 16 a factor of 6270549?
False
Is 90 a factor of 4583520?
True
Is 435 a factor of 141810?
True
Is 7977 a multiple of 32?
False
Is 32543 a multiple of 1622?
False
Is 6505748 a multiple of 13?
False
Does 2 divide 2387206?
True
Does 7 divide 6355994?
False
Is 92860 a multiple of 15?
False
Is 86 a factor of 1662235?
False
Does 588 divide 926027?
False
Is 7 a factor of 1862931?
True
Is 686878 a multiple of 36?
False
Is 29 a factor of 7888261?
True
Is 5319545 a multiple of 794?
False
Does 562 divide 3152258?
True
Does 25 divide 1119378?
False
Is 62370 a multiple of 27?
True
Is 1529779 a multiple of 17?
True
Is 99481 a multiple of 16?
False
Is 28136341 a multiple of 351?
False
Does 4 divide 62405?
False
Does 107 divide 28783?
True
Does 176 divide 1411987?
False
Is 601814 a multiple of 131?
True
Does 60 divide 6410460?
True
Does 22 divide 4853090?
True
Is 2931944 a multiple of 379?
True
Is 2114624 a multiple of 44?
False
Is 49 a factor of 1531216?
False
Does 35 divide 8193080?
True
Is 1727489 a multiple of 86?
False
Does 38 divide 178817?
False
Is 63 a factor of 92110?
False
Is 12 a factor of 69963?
False
Is 574585 a multiple of 31?
True
Is 4890368 a multiple of 14?
True
Is 73 a factor of 12629?
True
Is 68369 a multiple of 299?
False
Is 117 a factor of 228016?
False
Is 391603 a multiple of 27?
False
Does 48 divide 9072?
True
Does 342 divide 4607561?
False
Is 86 a factor of 3327684?
True
Is 481 a factor of 2852330?
True
Is 29 a factor of 67465?
False
Is 6378 a multiple of 27?
False
Does 348 divide 228636?
True
Is 214864 a multiple of 99?
False
Is 86876 a multiple of 37?
True
Is 206584 a multiple of 17?
True
Does 111 divide 9295399?
False
Does 30 divide 380310?
True
Is 278 a factor of 222956?
True
Is 4 a factor of 1467988?
True
Is 5946180 a multiple of 52?
False
Is 52 a factor of 5142181?
False
Is 92 a factor of 7462294?
False
Does 364 divide 307311?
False
Is 1026 a factor of 4695693?
False
Is 51756 a multiple of 57?
True
Does 52 divide 240084?
True
Is 1341984 a multiple of 28?
True
Is 132702 a multiple of 87?
False
Does 230 divide 109723?
False
Is 31 a factor of 166284?
True
Is 38727 a multiple of 117?
True
Is 141 a factor of 136148?
False
Is 30941 a multiple of 15?
False
Is 1850218 a multiple of 176?
False
Does 11 divide 946867?
False
Is 855855 a multiple of 27?
False
Is 34 a factor of 230418?
True
Is 77 a factor of 2518362?
True
Is 9 a factor of 831402?
True
Does 21 divide 670530?
True
Does 598 divide 2673768?
False
Is 10961921 a multiple of 113?
False
Is 64860